
12
Let b(a) = 3*a**3 - 4*a**2 - 3*a + 1. Let n(o) = -7*o**3 + 9*o**2 + 7*o - 2. Let j(x) = 5*b(x) + 2*n(x). What is j(3)?
7
Let w = 24 + -26. Let k(a) = a**3 + a**2 - 2. Determine k(w).
-6
Let i(r) = r**3 + 3 + 2 + 5*r**2 - 12*r**2 + 5*r. Let v be i(6). Let z(d) = -d. What is z(v)?
1
Let f(b) = -b**3 + 6*b**2 + 5*b + 4. Suppose -8 = -r + 14. Suppose 5*w + 8 + r = 0. Let x(g) = -g**2 - g. Let a(h) = w*x(h) - f(h). What is a(0)?
-4
Let o(p) = 1 - 5 + 8 + 2*p. Calculate o(-5).
-6
Suppose 0*m + 5 = -m. Let t(f) be the first derivative of f**3/3 + 7*f**2/2 + 7*f + 4. What is t(m)?
-3
Let k(t) = -2*t + 6. Let j(y) = 2*y - 6. Let v(c) = 6*j(c) + 5*k(c). Determine v(4).
2
Let z(n) = -7*n**2 + 6*n**2 + 3*n - 7*n**2 - 7*n**2 - 21 - 14*n**3. Let h(s) = -5*s**3 - 5*s**2 + s - 7. Let m(b) = 17*h(b) - 6*z(b). Calculate m(5).
2
Suppose 6 = -3*t - 0. Let x(p) = p**2 + p - 1. Let w(i) = i**3 + 8*i**2 + 7*i - 5. Let a(o) = -w(o) + 5*x(o). Give a(t).
0
Let y(u) be the third derivative of u**5/60 - u**4/8 + u**3/6 - 4*u**2. Calculate y(3).
1
Let l be (1/(-1))/((1/5)/1). Let x(i) = i - 1. Let f(d) = d**2 + 3*d + 3. Let p(m) = f(m) + 3*x(m). Determine p(l).
-5
Let y = -209 - -210. Let t(q) = -15*q**2 + q - 1. Calculate t(y).
-15
Let h(g) = -2*g + 1. Let p(m) = -2*m + 6. Let z be p(-5). Suppose -4*k - 4*q + z = 0, -2*k + 3*k + 4 = 3*q. Determine h(k).
-3
Let k(i) = i**2 - i - 6. Let p = -32 - -15. Let x = 17 + p. Determine k(x).
-6
Let y(j) = j + 4. Suppose 2*u = -5*u. What is y(u)?
4
Let v = -6 + 9. Let z(t) = 5*t**2 + t + 6. Let g(j) = 4*j**2 + 5. Let i(o) = -4*g(o) + 3*z(o). What is i(v)?
-2
Let n(w) = 2*w. Let d be n(2). Let f be d/(-24) - 1/(-6). Let s(g) = 2 + 0 - g - 3. Calculate s(f).
-1
Let b(w) be the second derivative of -w**5/20 + w**4/4 - w**3/6 + w**2 - 2*w. Suppose 3*u + l = 7, 0*u + 4*l = 2*u - 14. Calculate b(u).
-1
Suppose -20 = 7*y - 5*y. Let h(f) = -f**3 - 10*f**2 - f - 7. Determine h(y).
3
Suppose 1 + 1 = -j + 2*r, -3*r + 6 = 0. Let v(f) = f**3 - f**2 + f + 1. Let c(s) = -5*s**3 + 6*s**2 - 4*s - 4. Let o(l) = -c(l) - 2*v(l). Give o(j).
14
Let a = 19 + -16. Let y(u) = u**a - 10*u - 2*u - 2 - 2*u**3 + 4*u**2 + 13*u. Calculate y(4).
2
Let x(i) = -74*i + 3 + 73*i - 1. Calculate x(6).
-4
Let o(y) = 5*y + 16. Let j(w) = 4*w + 14. Let r(u) = -7*j(u) + 6*o(u). Suppose 0 = -2*q - 2*q - 2*m + 8, 0 = q + 3*m - 2. Determine r(q).
2
Let k(l) = -l + 1. Let a be (-32)/(-6) + 2/(-6). Let q = 7 - a. What is k(q)?
-1
Let g be ((-21)/9 + 2)*-15. Let n(v) = v**2 - 6*v + 5. Determine n(g).
0
Suppose 5*t = 4*g + 2*t - 4, 0 = 4*g - 2*t. Let p(a) = -10*a**2 - 2*a - 3. Let o(k) = 12*k**2 + 2*k + 3. Let h(r) = 4*o(r) + 5*p(r). What is h(g)?
-7
Let a(c) = -c**2 + c + 1. Let o(y) = y**2 + 6*y**2 - y + 2 - y**3 + 6. Let q be (7/2)/(4/8). Let x be o(q). Determine a(x).
1
Suppose -5*h + h = -5*s - 68, 4*h + s = 92. Let b = h - 24. Let o(i) = -2*i**2 - i - 1. Calculate o(b).
-7
Let j(y) = y**2 + 2*y + 2. Let a be (-3 + 4)*6*(-4)/8. What is j(a)?
5
Let n(h) = h**3 + h**2. Let r(y) = 1 - 3*y + 0*y**2 + 4*y - 4*y**3 + y**2. Let d(u) = -3*n(u) - r(u). Let p be (-2)/8 + 3/((-24)/(-34)). Determine d(p).
-5
Let q = 6 + -4. Let a(m) = 9*m**q - m - 1 - 20*m**2 + 1. Give a(-1).
-10
Let y(q) be the first derivative of -q**2/2 + 3*q + 3. Suppose -5*d = -2 + 22. What is y(d)?
7
Let f(m) be the first derivative of -m**5/60 - m**4/6 + 2*m**3/3 - 5. Let t(i) be the third derivative of f(i). What is t(-5)?
6
Suppose 0*o = 3*o. Let b(k) = -k - 11. Calculate b(o).
-11
Let j(h) be the first derivative of 7*h**3/3 + h**2/2 - h + 4. Let m(c) = c - 12. Let x be m(13). Determine j(x).
7
Let u(q) = -5 + 30 - 10 - q - 11. Give u(7).
-3
Let w = 33 - 38. Let i(l) = -l**3 - 5*l**2 + 4*l + 7. Give i(w).
-13
Let m(n) = -n**2 - 4*n + 1. Let g = -26 - -21. Calculate m(g).
-4
Let u = 2 + -2. Let g(p) be the second derivative of p**4/24 - p**3/2 - p**2 - 3*p. Let f(y) be the first derivative of g(y). Give f(u).
-3
Let w(q) be the first derivative of q**2/2 - 8*q - 4. Determine w(7).
-1
Let p(s) = -s**2 - 2. Suppose v = -2*v + 2*i + 2, -10 = -2*v - 3*i. Let h be 0/(v - (5 + -4)). What is p(h)?
-2
Suppose 7 = 5*u + 12. Let h(m) = 6*m + 1. Let j(o) = 5*o + 1. Let n(b) = -2*h(b) + 3*j(b). Give n(u).
-2
Let l(s) = -s**2 + 2*s - 2. Let r(t) = t**2 + 12*t - 9. Let z be r(-13). Let i = 6 - z. Calculate l(i).
-2
Let b(h) = -16*h**2 + 15*h - 21. Let d(u) = -3*u**2 + 3*u - 4. Let r(k) = 2*b(k) - 11*d(k). Let w(y) = -2*y**3 + 2*y**2 - 1. Let j be w(-1). What is r(j)?
2
Suppose 5*s - n = 35, 0 = -s - 0*s - 5*n - 19. Let q = s - 10. Let z(m) = m**2 + 7*m + 5. Give z(q).
-7
Let u(j) = -1 + j + 1 + 2 - 2*j. Calculate u(4).
-2
Suppose 33 = 9*i - 6*i. Let t = i - 2. Let h be (4/(-3))/(6/t). Let r(c) = 3*c. Calculate r(h).
-6
Let m(g) = g - 15. Let p be m(7). Let h(i) = i**2 + 9*i - 11. What is h(p)?
-19
Let a(f) = -3 + 7 + f + 0. Suppose -2*y - i + 6 = 0, 0*i = -y + 2*i - 2. Suppose 0 = -y*t + t - 2. Give a(t).
2
Let z(b) = 2*b - 2. Suppose f + 0*f = -5*t + 20, -3*f = -t - 12. Let y be z(t). Let r(q) be the first derivative of q**3/3 - 3*q**2/2 - 3. Determine r(y).
4
Let h(n) be the third derivative of -n**6/120 + n**5/6 - n**4/24 + n**3/6 - 23*n**2. Give h(10).
-9
Let y(a) = 8*a. Let m(u) = 9*u. Let d = 18 + -11. Let s(f) = d*y(f) - 6*m(f). What is s(1)?
2
Let l be 4/14 - 1/28. Let r(f) be the second derivative of 1/2*f**3 + 2*f + 0 - 1/20*f**5 + l*f**4 + 1/2*f**2. Calculate r(4).
-3
Let b(r) = r**3 + 3*r**2 + 2*r - 1. Let o(c) = c**3 + 9*c**2 - 3. Let n be (-15)/5 - 6*1. Let v be o(n). Determine b(v).
-7
Suppose 0 = c + 5*d + 7 + 13, 10 = -2*c - 4*d. Let h(x) = x. Let y(b) = 6*b + 2. Let o(n) = c*h(n) - y(n). What is o(6)?
-8
Let m(y) = 2*y + 8. Suppose -k = 0, 4*z - 10 = 5*k - 2. Suppose z*c + 11 + 3 = 0. What is m(c)?
-6
Suppose 0 = -4*w - 3 - 5. Let u be (-2)/w*3 + 1. Let g(t) = 2 - t - 2. Determine g(u).
-4
Let q(m) = -m**3 - 5*m**2 + 5*m - 7. Let n = -48 + 42. Determine q(n).
-1
Let d(v) = -3*v + 9. Suppose -4*x + 3*n + 18 = -2, -4*x + 12 = -n. Suppose q + 6 = x*q. Give d(q).
-9
Let s(p) = 15 - 4*p**3 + 5*p**3 - 9 - p**2 + p. Let y(d) = -d**2 - 12*d. Let o be y(-12). Determine s(o).
6
Let h(t) = -t**2 - t + 1. Let q(c) = c**3 + 4*c**2 - 1. Let f be q(-4). Let l(r) = 6*r**2 - r - 1. Let a be l(f). Let d be -2*((-3)/a + 0). Determine h(d).
-1
Let v(z) = z**2 + 6 - 32*z - 36*z + 76*z. What is v(-6)?
-6
Suppose -2*d + 3*d - 8 = -g, -2*g + d + 7 = 0. Let t(w) = -w + 1 + 3 + 0*w. Calculate t(g).
-1
Let f(l) = 2*l**2 - l. Let s = -2 + 5. Suppose 0 = s*o - 3*u - 12, o + 0 = 4*u + 13. What is f(o)?
1
Suppose 0 = -p - 11 + 13. Let j(c) be the second derivative of c**6/360 - c**5/120 + c**4/24 + c**3/6 - c. Let u(f) be the second derivative of j(f). Give u(p).
3
Let z = -7 - -13. Let d = z - 8. Let p(s) = 2*s + 3 + 0 + 5*s. Give p(d).
-11
Let l(i) = -14 + 3*i + 17 - i. Suppose 3*u = -s - 3, 3*u + 0*s + 12 = 2*s. What is l(u)?
-1
Suppose -16 = -12*b + 20. Let l(s) be the third derivative of -2*s**2 - 1/15*s**5 + 0*s + 0 + 1/120*s**6 + s**b - 1/12*s**4. Determine l(4).
-2
Let l(p) = -9*p**2 + 1 + 3 + 4*p + 8*p**2. Give l(6).
-8
Let y(x) = x - 1. Let k(n) = -5*n + 7. Let h(v) = k(v) + 6*y(v). What is h(-6)?
-5
Let z(y) = 0*y**3 - 3979*y**2 - 14*y + 3966*y**2 + y**3 - 8. Calculate z(14).
-8
Let q(y) be the third derivative of y**4/24 - y**3/6 - y**2. Let o be (11 - -2) + -3 + 0. Let l = 8 - o. What is q(l)?
-3
Let s(f) = f**2 - f. Let h be s(3). Let p be (15/h)/(-5)*4. Let w(g) = 4*g - 1. Determine w(p).
-9
Let i = 7 - 5. Let m = 0 + i. Let y(v) = v**3 - 3*v + 1. Give y(m).
3
Suppose 2*p - 5*r = -19, 4*p + 4 = 4*r - 4. Let m = p + -1. Let u be m + -1*(9 + -3). Let n(g) = -g - 3. Determine n(u).
1
Let i(j) = -j - 4. Suppose 5*f - 1 = 4*f. Suppose 0 = 3*g - 5*p + 6, f = 2*g - 4*p + 5. Calculate i(g).
-2
Suppose 0 = -d - 2*p + 3, -d + 0 = -3*p - 3. Let z(u) = u**2 - 4*u + 2. Calculate z(d).
-1
Let f be (4/3)/(1/3). Let c be (6/(-8))/(1/f). Let k(s) be the third derivative of s**4/12 + 2*s**3/3 - 4*s**2. Give k(c).
-2
Suppose -2*f = h - 2, 12*h = -4*f + 8*h. Let t = 2 - -1. Let l(u) = 2*u - 3 + t. Calculate l(f).
4
Let z(s) be the first derivative of -2*s**2 + 51. What is z(5)?
-20
Let b(p) = 4*p - 3. Suppose -w + 4*w = 6. Let o be b(